- 5*a + 18 = l, 0 = a + 5*l + t. What is the greatest common divisor of 55 and a?
5
Let q(u) = -3*u - 15. Let g be q(-5). Suppose g = -5*z + 4*z. Suppose 4*m - 132 - 8 = z. What is the highest common factor of 14 and m?
7
Suppose -23*w - 279 = -14*w - 6111. Calculate the greatest common factor of w and 1026.
54
Suppose 0 = -2*c - 2, -4 + 11 = 4*i + 5*c. Let k(t) = 4*t**2 + 2*t - 8. Let y be k(6). Suppose 0 = -i*h + y + 41. What is the highest common factor of 7 and h?
7
Suppose 3264 = -h + i + 3358, 2*h - 188 = -2*i. Calculate the greatest common divisor of 2 and h.
2
Suppose -129 - 186 = -5*a. Let h = a + -62. Let c be (-3 - (-5 + 0)) + 58*h. What is the highest common divisor of c and 24?
12
Let s(w) = -w**2 - 31*w - 15. Let i be s(-26). Suppose 488 = -6*r + 10*r. Let z = r - i. What is the highest common factor of 21 and z?
7
Suppose 4*p - 16 = -4*d, -4*d + 18 = -2. Let a = p - 14. Let u(h) = h**2 + 13*h. Let q be u(a). What is the greatest common factor of q and 75?
15
Let t be (-26)/(-91) - (-15454)/7. Suppose -48*a = -52*a + t. Calculate the greatest common factor of a and 69.
69
Let i(k) = 452*k**2 - 62*k + 329. Let d be i(5). What is the greatest common factor of 147 and d?
147
Let z = -36 - -39. Let b be 272/z + (-4)/6. Suppose b = -7*m + 16*m. What is the greatest common divisor of 10 and m?
10
Let v be (-7259)/2499 + 2/(-21) - -13297. What is the highest common divisor of 46 and v?
46
Let j be (-17151)/(-45) + (136/(-255) - (-18)/45). Calculate the greatest common factor of 15 and j.
3
Let p be (-7809523)/(-3815) - 2/35. Calculate the greatest common divisor of 23 and p.
23
Suppose 38*w = 2*q + 40*w - 86, 2*q - 77 = w. Calculate the greatest common factor of 130 and q.
10
Suppose -21 = 5*w + 3*r, 2*r = -4*w + r - 14. Let b be 4/3*(-273)/(-7) + w. Calculate the highest common factor of 98 and b.
49
Suppose 0 = -8*g + 7*g - 92. Let s = -82 - g. Calculate the highest common divisor of 270 and s.
10
Suppose -7*c = -3*c + 4. Let u be 323 + 1 + 1 + c. Let m be 154/4 - ((-50)/20 + 5). What is the greatest common factor of u and m?
36
Suppose 5*f = -2*q + 9029, -5016 = -4*f - 4*q + 2200. Calculate the greatest common factor of 139 and f.
139
Suppose -18*a + 13834 + 28124 = 0. What is the highest common factor of a and 315?
63
Suppose -26313 - 6261 = -2*u. Calculate the highest common divisor of u and 183.
183
Let n(q) = -2*q**2 - 180*q - 384. Let z be n(-48). Calculate the greatest common divisor of z and 576.
192
Let o(p) = 2*p**2 - 3*p. Let g be o(0). Suppose -10*v + 2752 + 4658 = g. What is the highest common factor of 78 and v?
39
Let f = -3152 + 3191. Suppose 0 = 3*h - 2*j - 228, 68 + 163 = 3*h - j. What is the highest common divisor of f and h?
39
Suppose v + 0*j = j + 42, -5*v + 222 = j. Suppose -56*y = -52*y - v. What is the highest common divisor of y and 110?
11
Suppose -4*t + 1 = -3*t. Let v(n) = -4*n**2 + 2 - 10*n**3 + 3*n - t - 11*n + 9*n. Let u be v(-3). Calculate the greatest common divisor of u and 29.
29
Let c(f) = f**2 - 24*f - 18. Let b be c(15). Let g = b + 249. Calculate the greatest common divisor of g and 24.
24
Let y be (-87)/(-6)*((-42)/(-14) - -5). What is the greatest common divisor of 116 and y?
116
Suppose 2*s + s - 15 = 0. Let n = s + 1. Suppose n*i = 24 + 24. What is the greatest common factor of 8 and i?
8
Suppose 43 - 19 = 2*g. Let m be (-2)/(-8) - 60/(-16). Suppose 0*w - 12 = -m*w. What is the greatest common divisor of w and g?
3
Suppose -2*j - 9 = -13. Suppose v + 4*v - 144 = -4*q, 0 = j*q - 4*v - 72. Calculate the greatest common divisor of q and 18.
18
Let f be (-6)/9 - 8/(-3). Suppose 4 = v, 3*u + v - 111 = -f*v. Let l be (22/(-6))/(1/(-72)). Calculate the highest common divisor of u and l.
33
Suppose -3*s + 32065 = 5*l, -22*s + 25665 = 4*l - 17*s. Calculate the greatest common factor of 10 and l.
10
Let d be 4/((-56)/(-679)) + 1/(-2). Let y = -13 - -16. Let u be 0 + (y + -27)*-10. What is the highest common factor of d and u?
48
Let t = -292 + 296. Suppose 0 = t*w + 5*w - 234. What is the greatest common factor of 754 and w?
26
Suppose -a = -5*a + 160. Let v(j) = j**3 - 18*j**2 + 22*j - 55. Let b be v(17). Calculate the highest common divisor of b and a.
10
Suppose 79*j + 49*j = 3855 + 14577. What is the greatest common factor of j and 52?
4
Suppose -70*o = -28*o - 33*o - 12978. What is the greatest common factor of 42 and o?
14
Suppose 26*i + 54810 = 152*i. Calculate the highest common divisor of 165 and i.
15
Let u = -73 + 73. Suppose u = 2*w - v - 10, 3*w - 20 = -3*v + 2*v. Calculate the highest common factor of 57 and w.
3
Let w(p) = -24*p + 23 + 35 + 65*p + 1 - 11. Let u be w(5). What is the greatest common factor of 22 and u?
11
Let d(k) = k**3 + 13*k**2 + 22*k + 2. Let n be d(-7). Let j = n + -37. What is the greatest common divisor of j and 35?
35
Suppose -34*d = -16976 - 1248. Calculate the greatest common divisor of d and 248.
8
Suppose -17786 = -99*f + 59517 - 11468. Calculate the greatest common divisor of f and 217.
7
Suppose -21*a + 24 = -15*a. Suppose -5*d = a*c - 168, 2*d - 99 = 2*c - 21. What is the highest common divisor of d and 8?
4
Let v = 87 + -8. Let y = 118 - v. Suppose -4*p + y = -85. Calculate the greatest common divisor of 93 and p.
31
Suppose 0 = 45*s - 41*s + 5*m - 312, 2*s - 192 = 2*m. What is the greatest common factor of 6556 and s?
44
Let u = 3172 - -619. Calculate the highest common factor of 17 and u.
17
Suppose 2*n = 3*u - 390, 4*u + 35 + 171 = -n. Let p = 486 + n. Calculate the greatest common factor of p and 16.
16
Suppose 3*x + 3*x = 0. Suppose 9 + x = u. Suppose -5*c - l + 5*l = -237, 3*c + 2*l - 129 = 0. What is the highest common factor of u and c?
9
Let y = 5261 - 3286. Calculate the greatest common divisor of y and 425.
25
Let r = 624 + -514. Let p be -2*(-12)/(-32) + r/8. Calculate the greatest common factor of p and 793.
13
Suppose -2*f + z + 1187 = 0, -4*f + 3*z + 353 = -2024. What is the greatest common factor of 1998 and f?
74
Let b be 1/(-5) + 996/(-20). Let o = 51 + b. Let l be 30*(-9)/(-5)*o. What is the greatest common factor of 81 and l?
27
Suppose 0 = 4*k + 2*x - 66, 5 = 5*x - 0*x. Let r be (-1)/(-4) - (-4860)/k. What is the highest common divisor of 19 and r?
19
Suppose 11*z = -4*i + 12*z + 1289, -5 = 5*z. Calculate the greatest common factor of 686 and i.
14
Suppose -12*z + 5*z - 28390 = -5*x, 2*x = 4*z + 11362. Calculate the greatest common divisor of x and 214.
107
Suppose 12*i - 10*i = 10. Suppose -3*y - 7 = 6*h - h, 3*y - i*h = 43. What is the highest common divisor of 54 and y?
6
Suppose 0 = -6*z - z + 203. Suppose -3*b = -2*b - 2, -4*b + z = j. Suppose 0*l - 5*l + 771 = 4*p, -4*l = -12. What is the highest common divisor of p and j?
21
Suppose 6560 + 3605 = 15*l - 7655. Calculate the highest common factor of l and 154.
22
Let b be (-2420)/6*(-26 + 931/38). What is the highest common divisor of 1705 and b?
55
Suppose 43*j - 37281 - 70459 = 9564. Calculate the highest common divisor of j and 1736.
248
Let o(a) = -2*a**2 + 101*a + 495. Let c be o(46). Calculate the greatest common divisor of c and 27.
9
Let o(v) = v**2 - 64*v + 944. Let a be o(41). What is the greatest common divisor of 1933 and a?
1
Suppose -120*y + 137170 = 1324*y - 197*y. Let n be (-1)/(1 + (-276)/275). Calculate the highest common factor of n and y.
55
Let z(i) = -i - 12. Let c be z(-11). Let b be 2*c/5 - 94/(-10). Calculate the greatest common factor of b and 927.
9
Let w be (10/25)/(10/38200). What is the greatest common divisor of w and 8?
8
Let g be (122/(-6))/((-5)/(-15)). Let t = g + 63. Suppose -3*w = -0*o - 5*o + 16, -10 = o - 5*w. Calculate the greatest common factor of t and o.
1
Suppose -39 = -3*q + 888 + 75. Calculate the greatest common divisor of q and 1837.
167
Let c(i) be the second derivative of -i**5/20 + 5*i**4/3 - 35*i**3/6 + 9*i**2/2 - i + 12. Let m be c(18). Calculate the highest common factor of m and 27.
27
Let o = 224 + -131. Suppose -d - 4*d = -3*g - 555, -3*g = d - o. Suppose q = 4*q - t - 33, -q + 18 = 2*t. Calculate the greatest common divisor of d and q.
12
Let f(d) = -240*d + 13920. Let i be f(56). Calculate the greatest common factor of i and 160.
160
Suppose -4*k - 2*q + 6 = 0, -q - q + 2 = 0. Let u be (k - (3*-26)/3) + -3. Let a(h) =